 What is the greatest common factor of 6 and f?
6
Suppose 0 = 2*u - 37 - 13. Suppose -3 - 1 = 2*a, 4*l + 4*a = 12. Suppose -3*c = -t - t - 13, -l*c + 21 = -4*t. Calculate the highest common factor of u and c.
5
Suppose 3*f + 20 = 125. Suppose f = 3*x - 2*x. Calculate the highest common divisor of 7 and x.
7
Suppose 8 = 2*j - 0. Let g be (2 - -1) + 0/(-2). Suppose j*k - 60 = -g*f, -k - f = -26 + 10. What is the highest common factor of k and 30?
6
Suppose t - 45 = -3*k, 4*k = t - 0*t + 60. Suppose 3*c - q - k = 11, -c - 2*q = 3. Let s be 96/7 - 1/7*-2. What is the greatest common divisor of s and c?
7
Let r be -3 + 1 - (-45 - 1). Calculate the highest common divisor of r and 4.
4
Let t = -68 - -111. Let g = t + -28. What is the highest common divisor of g and 105?
15
Let d(t) = -66*t - 17. Let i be d(-4). What is the greatest common divisor of i and 13?
13
Let t(l) = l. Let u(k) = -23*k. Let s(n) = 2*t(n) + u(n). Let j be s(-3). Calculate the greatest common divisor of 9 and j.
9
Suppose -5 = 4*y - 37. Let f = y + 16. Let c be (-12)/(-7)*14/2. Calculate the highest common factor of c and f.
12
Let h = 6 - -2. Let x be h*-44*2/(-4). Calculate the greatest common divisor of 16 and x.
16
Let i(q) be the third derivative of q**4/4 - q**3/2 + q**2. Suppose 9 = 6*o - 3. Let x be i(o). What is the highest common divisor of 27 and x?
9
Let i(u) = u**2 + 8*u + 10. Let a be i(-7). Let k = 21 + a. Calculate the highest common divisor of 16 and k.
8
Let z = -5 + 2. Let t be 28 + z + 5 + -1. What is the highest common factor of 29 and t?
29
Suppose x + 17 = 5*j, 2*x - 4*j + 0*j = -16. Let n(l) = 4*l**2 - 2*l - 3. Let s be n(x). Calculate the greatest common divisor of 17 and s.
17
Let o be ((-84)/(-15))/(1/(-5)). Let g be 6/(-24)*(0 + o). Calculate the greatest common factor of g and 77.
7
Let z be (-1)/(2/(-250)*1). Let a be 52 - 4*(-4)/(-8). Calculate the greatest common factor of z and a.
25
Let p = 1 + 1. Suppose -u = -2*g - 5, p*u = -0*u - g + 5. Suppose v - 6 = -u. What is the highest common factor of 9 and v?
3
Let m = -9 + 13. Suppose q = -m*q + 25. Calculate the greatest common divisor of q and 45.
5
Let a be (-6)/27 - 106/9. Let k be 4/(-6)*54/a. Suppose k*s - 74 = 73. Calculate the highest common factor of 7 and s.
7
Let k be ((-8)/(-6))/(2/180). Suppose 7*w - k = 3*w. Let n be (-6)/1*-8 + (-16 - -13). What is the greatest common factor of n and w?
15
Let c be ((1 - 3) + 2)/(-1). Suppose -2*d + 4*u = -c*d - 14, -u = -3*d + 6. Let o = 7 + -3. What is the highest common factor of d and o?
1
Suppose 4*n = 199 + 53. Let f(v) = -v**2 + 5*v + 7. Let b be f(5). What is the highest common factor of n and b?
7
Suppose 0 = 5*f - 0*n - 5*n - 15, 23 = 5*f + 3*n. Let w = 4 - f. Suppose -v + 7 = -w*v. Calculate the greatest common divisor of 14 and v.
7
Let x = -3 - -10. Calculate the greatest common factor of 63 and x.
7
Suppose -p + 2*p + 5*n = 0, 5*p - n - 78 = 0. Let j = p + 1. What is the highest common divisor of j and 4?
4
Let t(c) = c**3 - 6*c**2 + 6*c - 7. Let m be t(5). Let r be ((-7)/2 + 2)*m. Suppose -3*z + 1 = -8. What is the greatest common divisor of r and z?
3
Suppose 2*o - 30 = -2*k, -o + 2*k = 6*k - 9. Calculate the greatest common factor of o and 187.
17
Let y(o) = -6*o**3 - o**2. Let j be y(-1). Let x(m) = -m**3 - 6*m**2 + 3. Let d be x(-6). Let c = d + 2. Calculate the highest common divisor of j and c.
5
Let m(h) = 62*h + 1. Suppose -3*f + 3*y + 6 = 2*y, -4*y = -5*f + 17. Let z be m(f). Let b = z - 23. Calculate the highest common divisor of b and 20.
20
Suppose -32*b + 136 = -31*b. What is the greatest common factor of b and 16?
8
Let v = 6 + -3. Suppose 0 = -v*a + 60 + 21. Calculate the greatest common divisor of 9 and a.
9
Suppose 3*n - 15 = -p - p, 0 = -4*p - 2*n + 34. What is the greatest common divisor of p and 18?
9
Let s be (-60)/(-35) + 2/7. Suppose 4*r + r + s*n = 48, 5*r - 49 = -n. What is the highest common divisor of 70 and r?
10
Suppose -2 = -2*n - i + 18, -3*n = -4*i - 30. What is the greatest common divisor of n and 20?
10
Suppose -9 = -g + 3*f, 5*g + 4*f = -9 - 3. Suppose g*v = 5*v - 30. Let u = 1 - -47. What is the highest common factor of v and u?
6
Suppose c - 249 = -2*y, 5*y = -9*c + 4*c + 615. Let g = -36 + y. What is the greatest common factor of 15 and g?
15
Let c be (5/(-2))/(-5)*12. Suppose -28 = -r + 38. Calculate the greatest common divisor of r and c.
6
Let x = -34 - -48. Suppose 5*f - x + 5 = -3*w, -2*f = 0. Suppose -2*s = w*d - 29, 5*d + 5*s - 46 = 4. Calculate the greatest common factor of d and 9.
9
Let l(s) = -s**3 + 22*s**2 - 24*s - 1. Let x be l(20). What is the greatest common factor of 29 and x?
29
Suppose 2 + 18 = 4*a. Suppose -11 - a = -4*v. Calculate the highest common factor of v and 20.
4
Let c = 23 - -70. What is the highest common factor of c and 62?
31
Let w be -5 - -2 - 6 - -2. Let f = w + 18. What is the greatest common factor of 1 and f?
1
Suppose 6*k + 13 - 37 = 0. Calculate the highest common divisor of k and 8.
4
Let d(w) = w + 4. Let i be d(-4). Suppose i = -7*v + 8*v - 77. What is the greatest common divisor of 7 and v?
7
Suppose 0 = 3*g - 150 - 93. Calculate the greatest common factor of g and 54.
27
Suppose 2*w + 280 = 6*w. Suppose 2*g + 204 = 6*g - q, 2*q - 92 = -2*g. Suppose 20 = -4*i, -5*t + 4*i + g = -2*t. What is the greatest common factor of w and t?
10
Let y = 204 + -99. What is the highest common factor of 15 and y?
15
Let y(w) = -2*w**3 - 6*w**2 - 3*w + 1. Let n be y(-4). Suppose -4*b - 2*p = -62, -b + 5*b - 2*p - 58 = 0. Calculate the greatest common divisor of n and b.
15
Let x be (8/1)/(1/2). Suppose 0*g - 4*g = -96. What is the greatest common divisor of x and g?
8
Let m be (18/(-27))/((-2)/447). Let w be (m - 12) + 1*3. Calculate the greatest common divisor of w and 20.
20
Let l = 193 - 65. Calculate the greatest common factor of l and 16.
16
Suppose -9 + 1 = -p. Calculate the highest common factor of p and 88.
8
Let y(k) = 1 + 5*k - k + 1 - 1. Let s be y(2). Calculate the highest common divisor of s and 72.
9
Let l(t) = t**3 + t**2 + t + 1. Let s be l(0). Suppose -r + 11 = s. Let m = -3 + r. Calculate the greatest common divisor of m and 28.
7
Suppose -4*p = 4 - 76. Let g = 24 + -54. Let m = -18 - g. What is the greatest common divisor of m and p?
6
Suppose 0*n = -n + 28. Suppose -n = 2*d - 6*d. What is the highest common divisor of 35 and d?
7
Suppose -4*k = -3*j + 262, -5*j - 2*k + 454 = -0*k. Calculate the highest common factor of j and 10.
10
Let i = 0 - -4. Suppose -i = -u - u. Suppose u*m + 3 - 7 = 0. Calculate the greatest common divisor of 10 and m.
2
Let o(n) = 12*n**3 + n**2 - 2*n + 1. Let d be ((-1)/(2 + -1))/(-1). Let g be o(d). What is the greatest common factor of g and 4?
4
Let y be 14 - (2/8 + 2/(-8)). Calculate the greatest common divisor of y and 21.
7
Suppose 2*t + 24 = -2*t. Let b = t + 8. What is the greatest common divisor of b and 3?
1
Suppose -4*r - 2*j = 0, -4*r + 5 + 5 = -3*j. What is the highest common factor of r and 2?
1
Suppose -3*q + 137 = 2*i, 0 = q + 5*i - 82 + 32. Calculate the greatest common factor of 30 and q.
15
Suppose 209 = 4*r - x, -5*x + 87 = -4*r + 300. What is the highest common factor of r and 13?
13
Let v = 2 - 1. Suppose 0 = 2*p, -14 = -3*l + 5*p + v. Suppose 5 = 5*a - j, -41 + 11 = -l*a - 4*j. What is the greatest common divisor of 14 and a?
2
Suppose -6 = -3*m - 5*c + 28, -11 = -m - 2*c. Let l be ((-1)/2)/(1/(-78)). Calculate the highest common factor of l and m.
13
Suppose 0 = -g + 60 - 56. Suppose -3*z = -41 - 7. Calculate the highest common factor of g and z.
4
Let x be ((-20)/(-14))/(1/7). Let p be -4*(-2 + 1 + 0). Suppose -d - 5 = -4*f + f, 5*d - p*f = 30. What is the highest common factor of d and x?
10
Suppose -1 = -3*w - 5*d, -3*d + 3 = -2*w + 10. Suppose -38 + w = -4*f. What is the highest common factor of 6 and f?
3
Suppose 2*w - 5*x - 1 = 0, -3*x + 15 = 2*x. Let l be (w/6)/(6/405). What is the greatest common divisor of 36 and l?
18
Let r(n) = 21*n**2. Let d be r(1). Calculate the greatest common factor of d and 231.
21
Let l be 16*(3 + -3 + 1). Let j(u) = 2*u. Let s be j(2). Suppose 0 = -s*p + p + 336. What is the highest common factor of l and p?
16
Let h be (-1 + -1 - 20)*-1. Suppose q = -q + 66. What 